8819
What are the prime factors of 1595?
5, 11, 29
What are the prime factors of 18412?
2, 4603
List the prime factors of 723.
3, 241
What are the prime factors of 18358?
2, 67, 137
List the prime factors of 2691.
3, 13, 23
What are the prime factors of 521?
521
List the prime factors of 1121.
19, 59
What are the prime factors of 28650?
2, 3, 5, 191
List the prime factors of 171247.
19, 9013
List the prime factors of 4291.
7, 613
List the prime factors of 589.
19, 31
List the prime factors of 57331.
57331
What are the prime factors of 5864?
2, 733
List the prime factors of 40997.
11, 3727
List the prime factors of 47038.
2, 29, 811
What are the prime factors of 19469?
19469
List the prime factors of 8271.
3, 919
What are the prime factors of 3954?
2, 3, 659
What are the prime factors of 92968?
2, 11621
List the prime factors of 14.
2, 7
List the prime factors of 117958.
2, 58979
List the prime factors of 37605.
3, 5, 23, 109
What are the prime factors of 1865?
5, 373
List the prime factors of 5525.
5, 13, 17
List the prime factors of 12148.
2, 3037
What are the prime factors of 5099?
5099
List the prime factors of 30795.
3, 5, 2053
What are the prime factors of 37981?
19, 1999
List the prime factors of 2690.
2, 5, 269
List the prime factors of 1984.
2, 31
List the prime factors of 1961.
37, 53
List the prime factors of 42774.
2, 3, 7129
What are the prime factors of 172?
2, 43
What are the prime factors of 61987?
61987
What are the prime factors of 7129?
7129
List the prime factors of 2130.
2, 3, 5, 71
List the prime factors of 1946.
2, 7, 139
List the prime factors of 56647.
37, 1531
List the prime factors of 109787.
101, 1087
List the prime factors of 1597.
1597
List the prime factors of 697.
17, 41
What are the prime factors of 773?
773
List the prime factors of 29327.
29327
What are the prime factors of 4973?
4973
What are the prime factors of 9428?
2, 2357
List the prime factors of 35751.
3, 17, 701
List the prime factors of 13414.
2, 19, 353
What are the prime factors of 75?
3, 5
What are the prime factors of 64716?
2, 3, 5393
What are the prime factors of 8230?
2, 5, 823
What are the prime factors of 158722?
2, 61, 1301
What are the prime factors of 23614?
2, 11807
List the prime factors of 6303.
3, 11, 191
What are the prime factors of 3648?
2, 3, 19
List the prime factors of 509.
509
What are the prime factors of 102975?
3, 5, 1373
What are the prime factors of 144821?
97, 1493
List the prime factors of 4872.
2, 3, 7, 29
List the prime factors of 13504.
2, 211
List the prime factors of 766.
2, 383
What are the prime factors of 12728?
2, 37, 43
What are the prime factors of 8268?
2, 3, 13, 53
List the prime factors of 2551.
2551
List the prime factors of 19633.
29, 677
List the prime factors of 80.
2, 5
List the prime factors of 263.
263
List the prime factors of 13824.
2, 3
List the prime factors of 4171.
43, 97
List the prime factors of 5117.
7, 17, 43
What are the prime factors of 14596?
2, 41, 89
List the prime factors of 100806.
2, 3, 53, 317
What are the prime factors of 58572?
2, 3, 1627
List the prime factors of 11818.
2, 19, 311
What are the prime factors of 1462?
2, 17, 43
What are the prime factors of 4585?
5, 7, 131
What are the prime factors of 1938?
2, 3, 17, 19
What are the prime factors of 13899?
3, 41, 113
What are the prime factors of 3374?
2, 7, 241
List the prime factors of 11640.
2, 3, 5, 97
What are the prime factors of 278?
2, 139
What are the prime factors of 1862?
2, 7, 19
List the prime factors of 17545.
5, 11, 29
List the prime factors of 438.
2, 3, 73
List the prime factors of 6786.
2, 3, 13, 29
List the prime factors of 2475.
3, 5, 11
List the prime factors of 88.
2, 11
What are the prime factors of 3330?
2, 3, 5, 37
What are the prime factors of 4115?
5, 823
What are the prime factors of 1259?
1259
List the prime factors of 29561.
7, 41, 103
What are the prime factors of 176417?
176417
List the prime factors of 2643.
3, 881
What are the prime factors of 1285?
5, 257
What are the prime factors of 18241?
17, 29, 37
What are the prime factors of 11783?
11783
List the prime factors of 10369.
10369
What are the prime factors of 1426?
2, 23, 31
What are the prime factors of 4639?
4639
What are the prime factors of 2739?
3, 11, 83
What are the prime factors of 11002?
2, 5501
What are the prime factors of 3410?
2, 5, 11, 31
List the prime factors of 3732.
2, 3, 311
List the prime factors of 1087.
1087
What are the prime factors of 10419?
3, 23, 151
What are the prime factors of 710?
2, 5, 71
What are the prime factors of 355?
5, 71
List the prime factors of 4658.
2, 17, 137
What are the prime factors of 39526?
2, 19763
List the prime factors of 2288.
2, 11, 13
What are the prime factors of 10517?
13, 809
What are the prime factors of 61326?
2, 3, 3407
What are the prime factors of 2711?
2711
List the prime factors of 82829.
113, 733
List the prime factors of 625.
5
List the prime factors of 16016.
2, 7, 11, 13
List the prime factors of 29961.
3, 3329
What are the prime factors of 8253?
3, 7, 131
What are the prime factors of 61526?
2, 30763
List the prime factors of 3218.
2, 1609
List the prime factors of 4413.
3, 1471
What are the prime factors of 130489?
130489
What are the prime factors of 5080?
2, 5, 127
List the prime factors of 73756.
2, 18439
What are the prime factors of 305?
5, 61
List the prime factors of 16514.
2, 23, 359
List the prime factors of 8080.
2, 5, 101
What are the prime factors of 30789?
3, 11, 311
What are the prime factors of 17541?
3, 1949
What are the prime factors of 12479?
12479
List the prime factors of 26918.
2, 43, 313
What are the prime factors of 112141?
127, 883
List the prime factors of 140.
2, 5, 7
What are the prime factors of 1957?
19, 103
What are the prime factors of 72635?
5, 73, 199
What are the prime factors of 3470?
2, 5, 347
List the prime factors of 1563.
3, 521
What are the prime factors of 1221?
3, 11, 37
List the prime factors of 8165.
5, 23, 71
What are the prime factors of 70996?
2, 17749
What are the prime factors of 5045?
5, 1009
List the prime factors of 22195.
5, 23, 193
What are the prime factors of 5034?
2, 3, 839
List the prime factors of 3112.
2, 389
List the prime factors of 5671.
53, 107
What are the prime factors of 2060?
2, 5, 103
List the prime factors of 13879.
13879
What are the prime factors of 1526?
2, 7, 109
What are the prime factors of 20646?
2, 3, 31, 37
What are the prime factors of 6595?
5, 1319
List the prime factors of 1073.
29, 37
List the prime factors of 68014.
2, 31, 1097
List the prime factors of 2070.
2, 3, 5, 23
List the prime factors of 141.
3, 47
List the prime factors of 535.
5, 107
List the prime factors of 47985.
3, 5, 7, 457
List the prime factors of 1500.
2, 3, 5
What are the prime factors of 3540?
2, 3, 5, 59
List the prime factors of 1207.
17, 71
What are the prime factors of 35749?
7, 5107
What are the prime factors of 2633?
2633
What are the prime factors of 74459?
7, 11, 967
What are the prime factors of 100930?
2, 5, 10093
List the prime factors of 47249.
37, 1277
List the prime factors of 1782.
2, 3, 11
List the prime factors of 2956.
2, 739
List the prime factors of 2177.
7, 311
List the prime factors of 19128.
2, 3, 797
What are the prime factors of 1141?
7, 163
List the prime factors of 23.
23
List the prime factors of 848.
2, 53
What are the prime factors of 4157?
4157
List the prime factors of 248.
2, 31
What are the prime factors of 10641?
3, 3547
List the prime factors of 90588.
2, 3, 7549
What are the prime factors of 50370?
2, 3, 5, 23, 73
What are the prime factors of 2085?
3, 5, 139
List the prime factors of 365.
5, 73
What are the prime factors of 26656?
2, 7, 17
What are the prime factors of 7466?
2, 3733
What are the prime factors of 485?
5, 97
List the prime factors of 52667.
52667
What are the prime factors of 16863?
3, 7, 11, 73
List the prime factors of 28659.
3, 41, 233
What are the prime factors of 7780?
2, 5, 389
What are the prime factors of 7042?
2, 7, 503
List the prime factors of 33417.
3, 47, 79
List the prime factors of 2379.
3, 13, 61
List the prime factors of 932.
2, 233
What are the prime factors of 111885?
3, 5, 7459
List the prime factors of 5218.
2, 2609
What are the prime factors